1 and 5047.
721
Calculate the highest common factor of 320 and 79970.
10
What is the highest common factor of 71090 and 790?
10
Calculate the greatest common divisor of 169920 and 1028.
4
Calculate the highest common factor of 61 and 27869497.
61
What is the highest common divisor of 1210 and 5711816?
22
What is the highest common factor of 49 and 57538?
1
Calculate the greatest common factor of 27 and 1331607.
3
Calculate the highest common factor of 1310 and 4208768.
262
Calculate the greatest common factor of 173722311 and 214.
107
Calculate the greatest common factor of 6182 and 187418.
22
Calculate the highest common divisor of 32670809 and 82.
41
Calculate the highest common divisor of 790 and 40490344.
158
What is the greatest common factor of 49653 and 2642463?
81
What is the greatest common divisor of 91760197 and 365?
73
What is the highest common factor of 754 and 31777018?
26
What is the highest common divisor of 18232769 and 556?
139
What is the greatest common factor of 9682 and 730064?
206
Calculate the greatest common factor of 304841 and 22523.
223
Calculate the highest common divisor of 54 and 4040298.
18
What is the highest common divisor of 146 and 2186131?
73
What is the greatest common factor of 105 and 26803749?
21
What is the greatest common divisor of 1848 and 24348720?
264
What is the greatest common divisor of 17184 and 1525796?
716
Calculate the greatest common divisor of 600740 and 2324.
28
What is the highest common factor of 22630 and 482530?
730
What is the greatest common divisor of 3924 and 119013612?
1308
What is the greatest common factor of 45 and 191135?
5
What is the highest common factor of 724920 and 20280?
120
What is the greatest common divisor of 10454994 and 324?
162
Calculate the greatest common factor of 192 and 147229536.
96
What is the greatest common divisor of 759850 and 780?
130
Calculate the greatest common divisor of 414 and 11519136.
414
What is the greatest common factor of 4136 and 1123422388?
2068
Calculate the highest common divisor of 38564540 and 266.
14
What is the greatest common divisor of 1665612 and 15678?
234
What is the highest common factor of 24312 and 501?
3
Calculate the greatest common factor of 1289333 and 254.
1
Calculate the highest common divisor of 316564 and 1563717.
2729
Calculate the highest common factor of 194175 and 4514353.
863
What is the highest common factor of 8357441 and 92?
23
What is the greatest common factor of 8082374 and 47882?
538
What is the highest common factor of 1495 and 1889355?
65
What is the greatest common divisor of 432 and 18984348?
108
What is the greatest common divisor of 309 and 5575287?
309
What is the greatest common factor of 5400 and 25482168?
216
What is the greatest common divisor of 1853019 and 75375?
603
Calculate the highest common divisor of 18122 and 25746032.
1066
Calculate the greatest common factor of 5655 and 3212105.
65
What is the highest common factor of 10368841 and 18544?
61
Calculate the highest common divisor of 3772 and 383042.
46
Calculate the highest common divisor of 162779664 and 10848.
5424
Calculate the greatest common divisor of 34 and 24225.
17
Calculate the highest common divisor of 35308 and 908308.
388
Calculate the greatest common factor of 345 and 303252930.
345
What is the highest common divisor of 6834 and 15416127?
51
Calculate the highest common divisor of 4842 and 321749286.
1614
Calculate the greatest common divisor of 36309266 and 1596.
266
What is the highest common divisor of 30770 and 1113150?
1810
What is the highest common factor of 26610297 and 861?
21
Calculate the highest common divisor of 14004 and 60246.
18
What is the highest common factor of 291 and 64695?
3
Calculate the highest common divisor of 30 and 86030382.
6
Calculate the greatest common divisor of 9943817 and 39.
13
Calculate the greatest common factor of 17925 and 22375.
25
Calculate the greatest common factor of 7321679 and 166.
83
Calculate the greatest common divisor of 8658 and 89388.
234
What is the greatest common divisor of 2912 and 9573928?
728
Calculate the highest common divisor of 2954902 and 92.
46
What is the highest common divisor of 344812065 and 78?
39
Calculate the greatest common divisor of 541529414 and 5903.
5903
What is the greatest common divisor of 3591 and 9489123?
189
What is the greatest common divisor of 225 and 1978929?
9
Calculate the greatest common factor of 65771443 and 211.
211
Calculate the greatest common factor of 3114 and 3346166.
346
Calculate the greatest common divisor of 130730 and 577519.
769
What is the highest common factor of 486 and 49959666?
162
Calculate the highest common factor of 318549 and 1385769.
1617
Calculate the highest common factor of 444610 and 1910.
10
Calculate the highest common factor of 558 and 16121922.
186
What is the greatest common factor of 32372315 and 1070?
535
What is the greatest common factor of 35284 and 2092?
4
What is the greatest common divisor of 9068691 and 11?
1
What is the greatest common divisor of 1279803 and 4242?
21
Calculate the highest common divisor of 9442 and 401771263.
4721
Calculate the greatest common factor of 11454988 and 3260.
652
Calculate the greatest common factor of 11889 and 28926.
9
Calculate the highest common divisor of 782473523 and 247.
247
Calculate the highest common divisor of 1653 and 66678163.
551
What is the highest common divisor of 2471 and 609278?
353
Calculate the highest common factor of 39390 and 23790.
390
Calculate the greatest common divisor of 1944533 and 29138.
857
What is the highest common factor of 277627 and 55573?
119
What is the highest common factor of 78 and 50970855?
39
What is the greatest common divisor of 41984140 and 2200?
220
What is the highest common divisor of 6111978 and 1113778?
746
Calculate the greatest common divisor of 48444334 and 12238.
422
What is the greatest common factor of 20039003 and 183629?
3907
Calculate the highest common divisor of 48195120 and 2208.
1104
What is the greatest common divisor of 11377 and 1240?
31
What is the greatest common factor of 43086 and 2494344?
258
Calculate the greatest common divisor of 20443110 and 50.
10
What is the highest common factor of 547637 and 4472486?
703
Calculate the greatest common divisor of 1016129 and 37401.
137
What is the highest common factor of 244 and 11228941?
61
Calculate the greatest common factor of 287 and 64043.
7
What is the highest common factor of 7437629790 and 81?
81
Calculate the greatest common divisor of 178927290 and 3319.
3319
Calculate the highest common factor of 230040 and 578295.
3195
What is the highest common divisor of 6111 and 1629891?
873
What is the greatest common divisor of 3527600 and 7880?
40
Calculate the greatest common divisor of 14111 and 5772769.
137
What is the greatest common divisor of 1953868 and 1085?
217
What is the highest common factor of 3552 and 5844000?
96
What is the greatest common factor of 91522 and 25954?
1366
What is the highest common divisor of 99 and 15111153?
9
Calculate the highest common divisor of 16616930 and 14176.
886
What is the greatest common divisor of 1101 and 5620605?
1101
What is the greatest common divisor of 25320590 and 1388?
694
What is the highest common factor of 15794 and 548059697?
7897
Calculate the highest common factor of 504 and 91392012.
36
Calculate the greatest common divisor of 587871 and 18.
9
What is the greatest common divisor of 32340568 and 6032?
3016
What is the highest common divisor of 59449744 and 3892?
556
What is the greatest common factor of 11 and 25431131?
11
What is the highest common factor of 120 and 21273690?
30
What is the greatest common factor of 38636730 and 405?
135
Calculate the highest common divisor of 991 and 9953.
1
Calculate the greatest common factor of 1438146 and 230862.
654
Calculate the highest common divisor of 80605 and 46295.
235
What is the greatest common factor of 8301958 and 12944?
1618
What is the greatest common factor of 18200 and 19972?
4
What is the greatest common factor of 4927487 and 62317?
101
Calculate the greatest common divisor of 27132030 and 2565.
135
Calculate the greatest common factor of 27133835 and 2883.
961
Calculate the highest common factor of 378 and 419050611.
18